5484548?
2, 1371137
List the prime factors of 53210.
2, 5, 17, 313
What are the prime factors of 4872399?
3, 7, 41, 5659
List the prime factors of 297334.
2, 148667
What are the prime factors of 584624?
2, 61, 599
What are the prime factors of 7471683?
3, 92243
What are the prime factors of 13314707?
7, 59, 103, 313
What are the prime factors of 2411767?
463, 5209
What are the prime factors of 8053382?
2, 59, 139, 491
List the prime factors of 1722041.
41, 97, 433
List the prime factors of 155313.
3, 17257
List the prime factors of 943625.
5, 7549
List the prime factors of 4208823.
3, 19, 151, 163
What are the prime factors of 184490?
2, 5, 19, 971
What are the prime factors of 1764?
2, 3, 7
What are the prime factors of 3961773?
3, 23, 19139
What are the prime factors of 3338826?
2, 3, 599, 929
What are the prime factors of 10108008?
2, 3, 29, 47, 103
What are the prime factors of 1274768?
2, 11, 7243
What are the prime factors of 396365?
5, 79273
What are the prime factors of 531616?
2, 37, 449
What are the prime factors of 949556?
2, 277, 857
List the prime factors of 8144956.
2, 83, 24533
What are the prime factors of 1006053?
3, 443, 757
List the prime factors of 12552.
2, 3, 523
What are the prime factors of 2377860?
2, 3, 5, 39631
What are the prime factors of 347612?
2, 43, 47
List the prime factors of 21858268.
2, 37, 113, 1307
List the prime factors of 884618.
2, 7, 179, 353
List the prime factors of 938115.
3, 5, 6949
What are the prime factors of 8561037?
3, 23, 53, 2341
What are the prime factors of 16471203?
3, 7, 16007
What are the prime factors of 1339428?
2, 3, 23, 211
What are the prime factors of 273531?
3, 73, 1249
What are the prime factors of 13331874?
2, 3, 97, 22907
What are the prime factors of 18375217?
7, 107, 24533
What are the prime factors of 2894158?
2, 43, 73, 461
List the prime factors of 1680790.
2, 5, 17, 9887
List the prime factors of 1022486.
2, 511243
List the prime factors of 177639.
3, 7, 11, 769
What are the prime factors of 574561?
13, 193, 229
What are the prime factors of 3143931?
3, 7, 149711
List the prime factors of 13503721.
7, 11, 107, 149
What are the prime factors of 1505045?
5, 241, 1249
What are the prime factors of 3353128?
2, 419141
What are the prime factors of 263706?
2, 3, 43951
What are the prime factors of 15819315?
3, 5, 1054621
What are the prime factors of 19522770?
2, 3, 5, 650759
What are the prime factors of 1233503?
17, 72559
What are the prime factors of 26592874?
2, 7, 11, 172681
What are the prime factors of 5643800?
2, 5, 28219
List the prime factors of 821346.
2, 3, 367, 373
List the prime factors of 547993.
67, 8179
What are the prime factors of 1505860?
2, 5, 17, 43, 103
What are the prime factors of 3600900?
2, 3, 5, 4001
What are the prime factors of 229963?
229963
What are the prime factors of 19033270?
2, 5, 139, 13693
List the prime factors of 3702690.
2, 3, 5, 41141
What are the prime factors of 1535464?
2, 7, 3917
List the prime factors of 478087.
478087
List the prime factors of 4216698.
2, 3, 26029
List the prime factors of 4765728.
2, 3, 11, 4513
List the prime factors of 13367475.
3, 5, 11, 491
What are the prime factors of 10932048?
2, 3, 89, 853
List the prime factors of 5837473.
53, 83, 1327
List the prime factors of 683681.
683681
List the prime factors of 8485267.
7, 19, 63799
List the prime factors of 3984787.
107, 167, 223
List the prime factors of 263119.
263119
List the prime factors of 2618936.
2, 467, 701
What are the prime factors of 3912710?
2, 5, 521, 751
What are the prime factors of 184526?
2, 257, 359
What are the prime factors of 573338?
2, 89, 3221
List the prime factors of 265084.
2, 66271
What are the prime factors of 1971251?
1971251
List the prime factors of 213729.
3, 191, 373
List the prime factors of 5751456.
2, 3, 181, 331
What are the prime factors of 40891520?
2, 5, 181, 353
What are the prime factors of 3212476?
2, 803119
What are the prime factors of 878183?
878183
What are the prime factors of 3247401?
3, 1082467
What are the prime factors of 13014?
2, 3, 241
What are the prime factors of 5975961?
3, 491, 4057
What are the prime factors of 5522277?
3, 23, 163, 491
What are the prime factors of 250523?
7, 13, 2753
List the prime factors of 470524.
2, 79, 1489
What are the prime factors of 23708292?
2, 3, 1975691
List the prime factors of 36538599.
3, 47, 479, 541
What are the prime factors of 11471575?
5, 458863
List the prime factors of 7311327.
3, 907, 2687
What are the prime factors of 144464?
2, 9029
List the prime factors of 385413.
3, 7, 18353
What are the prime factors of 12692?
2, 19, 167
What are the prime factors of 557594?
2, 83, 3359
List the prime factors of 872809.
7, 67, 1861
What are the prime factors of 257278?
2, 7, 17, 23, 47
List the prime factors of 24584950.
2, 5, 13, 109, 347
What are the prime factors of 1800325?
5, 23, 31, 101
What are the prime factors of 4681407?
3, 269, 5801
List the prime factors of 531649.
59, 9011
List the prime factors of 440559.
3, 7, 37
What are the prime factors of 633735?
3, 5, 14083
What are the prime factors of 117863?
43, 2741
List the prime factors of 141421.
7, 89, 227
What are the prime factors of 843049?
19, 44371
What are the prime factors of 611114?
2, 7, 43651
What are the prime factors of 596382?
2, 3, 99397
List the prime factors of 375650.
2, 5, 11, 683
What are the prime factors of 189468?
2, 3, 19, 277
What are the prime factors of 279961?
11, 31, 821
What are the prime factors of 21335772?
2, 3, 1777981
What are the prime factors of 1473606?
2, 3, 29, 941
List the prime factors of 112038.
2, 3, 71, 263
What are the prime factors of 14611441?
13, 1019, 1103
List the prime factors of 234702.
2, 3, 13, 17, 59
List the prime factors of 332522.
2, 53, 3137
What are the prime factors of 169886?
2, 173, 491
What are the prime factors of 155105?
5, 67, 463
List the prime factors of 25601612.
2, 6400403
List the prime factors of 31753200.
2, 3, 5, 47, 563
What are the prime factors of 1899510?
2, 3, 5, 63317
List the prime factors of 342996.
2, 3, 101, 283
List the prime factors of 69488.
2, 43, 101
List the prime factors of 676278.
2, 3, 37571
List the prime factors of 351932.
2, 7, 12569
List the prime factors of 20596842.
2, 3, 7, 41, 443
What are the prime factors of 147070?
2, 5, 7, 11, 191
What are the prime factors of 235402?
2, 117701
What are the prime factors of 5095754?
2, 1117, 2281
What are the prime factors of 291093?
3, 11, 8821
List the prime factors of 13060782.
2, 3, 7, 103657
What are the prime factors of 834735?
3, 5, 11, 5059
What are the prime factors of 120106?
2, 7, 23, 373
List the prime factors of 12034049.
19, 101, 6271
List the prime factors of 48668.
2, 23
What are the prime factors of 412868?
2, 103217
What are the prime factors of 1451774?
2, 101, 7187
What are the prime factors of 3419194?
2, 1091, 1567
List the prime factors of 2165768.
2, 11, 24611
What are the prime factors of 10814?
2, 5407
What are the prime factors of 700984?
2, 87623
List the prime factors of 8222992.
2, 513937
List the prime factors of 78260.
2, 5, 7, 13, 43
List the prime factors of 35233.
11, 3203
List the prime factors of 1298565.
3, 5, 9619
What are the prime factors of 708438?
2, 3, 71, 1663
What are the prime factors of 6803619?
3, 2267873
List the prime factors of 222792.
2, 3, 9283
What are the prime factors of 9817970?
2, 5, 981797
List the prime factors of 105906.
2, 3, 19, 929
What are the prime factors of 461610?
2, 3, 5, 23, 223
What are the prime factors of 1545101?
1545101
List the prime factors of 142300.
2, 5, 1423
List the prime factors of 6791606.
2, 3395803
What are the prime factors of 2899208?
2, 13, 61, 457
List the prime factors of 221441.
11, 41, 491
What are the prime factors of 8597678?
2, 43, 257, 389
List the prime factors of 18392653.
1399, 13147
List the prime factors of 18365927.
2957, 6211
What are the prime factors of 15177084?
2, 3, 13, 271, 359
List the prime factors of 155868.
2, 3, 31, 419
List the prime factors of 1292249.
7, 184607
What are the prime factors of 115754?
2, 31, 1867
What are the prime factors of 8977259?
31, 289589
What are the prime factors of 567204?
2, 3, 11, 4297
List the prime factors of 311194.
2, 13